uppose -s = -7*s + 24. Suppose s*w - w - 63 = x. What is the units digit of w?
1
Let f(n) be the third derivative of -23/24*n**4 + n**2 + 0*n + 1/6*n**3 + 0. What is the tens digit of f(-1)?
2
Let v = 10730 - 7386. What is the hundreds digit of v?
3
Suppose h + 2 = 10. Suppose -279 - 89 = -h*f. What is the units digit of f?
6
Suppose 3*s = 3*b + 4023, -2654 = -2*s + 11*b - 16*b. What is the units digit of s?
7
Let m(i) = -37*i**2 + i + 1. Let s(b) = b**2. Let d(q) = -m(q) - 4*s(q). Suppose 2*v = 3*w - 8, 4*v - 2*w - w + 10 = 0. What is the tens digit of d(v)?
3
Suppose -500 = 13*h - 3269. What is the hundreds digit of h?
2
Let q = 40 + 4. Suppose g - 3*g - 2*l = -24, q = 3*g - 5*l. Suppose 5*j + 30 = 5*z - 2*z, -2*z + j = -g. What is the units digit of z?
5
Let s = -23 + 25. Suppose 61 + 159 = 4*r - 4*u, -u + s = 0. What is the units digit of r?
7
Let p = -467 + 871. What is the units digit of p?
4
Suppose -5*y = -4 - 1, 3*v = 4*y + 2. Let d(x) = 15*x**3 + 2*x**2 - 3*x - 3. What is the units digit of d(v)?
9
Suppose -n + 525 = -69. What is the units digit of n?
4
Suppose 4*s - 3242 = 73*f - 76*f, 2*s - 1626 = f. What is the hundreds digit of s?
8
Let h be -1 - (-21)/6*16. Suppose 13 = z + 4*x - h, 5*z - 304 = -2*x. Suppose -5*i + 3*i + 24 = r, -4*i = 5*r - z. What is the units digit of i?
0
What is the tens digit of 43 + -49 - (1 + -738)?
3
Let i = 2 - -37. Suppose -2*p = -u + 97, 418 = 5*u - 3*p - i. What is the units digit of u?
9
Let s(w) be the first derivative of -49*w**4/4 - w**3/3 - w**2/2 - 4*w - 4. Let h be s(-4). What is the units digit of h/56 - 4/(-14)?
6
Suppose -3*n - 2*s + 1877 + 1370 = 0, -s = 4*n - 4321. What is the thousands digit of n?
1
Let g be 2*(-3 - 44/(-1)). Suppose -2*v + 18 = -g. What is the units digit of 10/v + 149/5?
0
Let w = 149 - -28. Let l = w - 81. What is the tens digit of l?
9
Suppose -2*i = -6*i + 12. Let u(k) = 8*k**2 + 39*k + k**i + 40*k - 74*k - 1. What is the units digit of u(-5)?
9
Let h be 16/24 - 20/(-6). Suppose 0 = -5*u + h*i + 355, -3*u - 5*i = -i - 213. What is the units digit of u?
1
Let y = -18 - -23. What is the units digit of y?
5
Let t = 913 + 1076. What is the hundreds digit of t?
9
Let l = -8 - -40. Let h be 2/3 - (-60)/(-9). Let w = l + h. What is the units digit of w?
6
Suppose -6*i + 10 = -2. Suppose 5*c + 3*k - 951 = 0, -i*c - k = -0*k - 380. What is the units digit of c?
9
Let x(k) = -9*k - 29. Let m(p) = 4*p + 15. Let n(q) = 5*m(q) + 2*x(q). Suppose -7*t = -78 - 6. What is the units digit of n(t)?
1
Let q = 15 - 11. Suppose -3*l + 2*l = 2*c - 10, -q*l - 4*c + 52 = 0. What is the units digit of l?
6
Let c be 2*(-12)/8 + 5 + 368. Suppose c = 5*g + k - 190, 4*k - 464 = -4*g. What is the units digit of g?
1
What is the tens digit of (-318)/(18/(-9)) - -1?
6
Let a = -191 - -425. What is the tens digit of a?
3
Let t be (-2)/(-5) + 20/(-50). Suppose 2*o + 2 - 6 = t. Suppose -o*j = -0*j - 38. What is the tens digit of j?
1
Let n(t) = -t**3 - 30*t**2 - 5*t - 71. What is the tens digit of n(-30)?
7
What is the hundreds digit of (86 + -1)/(2/6)?
2
What is the tens digit of 5/(-2)*20268/(-45)?
2
Suppose 5*f = -15, 6*u - 2 = 7*u + 3*f. Suppose -h - u*h + 1672 = 0. What is the units digit of h?
9
Let v = 6033 + -859. What is the thousands digit of v?
5
Let m(z) = z**2 + 5*z - 4*z + 8*z - 1 - 4*z. What is the units digit of m(6)?
5
Suppose 7*i - 4*i = 282. Let u be 1/(3/12)*-15. Let f = u + i. What is the units digit of f?
4
Suppose -3*o + 0*g + 2*g = -4685, -4680 = -3*o + 3*g. What is the hundreds digit of o?
5
Suppose 5*p = -m + 61, p + 15 - 44 = 4*m. Let l(q) = q**3 - 11*q**2 - 8*q - 12. What is the units digit of l(p)?
2
Let f(y) = 2*y**2 + 26*y + 21. Let t be f(-13). Let w(n) = 4*n + 6. What is the tens digit of w(t)?
9
Suppose -6*v - 42 = -8*v. Suppose v*x = 26*x - 395. What is the tens digit of x?
7
Let t = -19 - -33. What is the units digit of 3/(-6) + 385/t?
7
Let r(s) be the third derivative of -s**6/120 + 3*s**5/20 - 11*s**4/24 + 4*s**3/3 - 23*s**2. What is the units digit of r(6)?
0
What is the hundreds digit of 80/(-14) + 6 - 2264/(-14)?
1
Suppose -4*l - 24 = -2*l. What is the tens digit of (l/(-24))/((-1)/(-38))?
1
What is the tens digit of (362/3)/((-2)/(-3))?
8
Suppose 390 = 4*r - 3598. What is the units digit of r?
7
Let s(i) = 191*i - 157. What is the units digit of s(10)?
3
Let p = -172 - -518. What is the hundreds digit of p?
3
Suppose 1 + 49 = -5*p. Let f = -1 - p. What is the units digit of f?
9
Suppose 9*w - k + 2577 = 12*w, 4*k + 1732 = 2*w. What is the units digit of w?
0
Let b(n) = -n**2 + 0*n - 12*n + 1 - 6 + 17. What is the units digit of b(-7)?
7
Let b = 82 + -77. Suppose -6*t = -b*t - 13. What is the tens digit of t?
1
Suppose 100256 = 13*f + 19*f. What is the hundreds digit of f?
1
Let x(r) = r - 6. Let b be x(7). Let k = 2 - b. What is the units digit of k?
1
Let s(d) = 1796*d - 2. What is the hundreds digit of s(1)?
7
Let z(l) = 6*l + 12. Let m be z(-2). Suppose g - 5*y - 24 = m, -5*y + y = -8. What is the units digit of g?
4
Let x(q) = 2*q**2 + 3*q. Let p be x(-3). Let n be (-2)/p + 1221/27. Suppose -4*t + 0*u + u + 60 = 0, 3*t - 5*u - n = 0. What is the tens digit of t?
1
Suppose 257 = j - 21. What is the units digit of j?
8
Let u(v) = -2*v**2 - 7*v. Let c(i) = i**2 + 8*i + 1. Let b(p) = -3*c(p) - 4*u(p). Let l(s) be the first derivative of b(s). What is the tens digit of l(2)?
2
Suppose -7 = -7*h + 21. Suppose h*d = -16 + 64. What is the tens digit of d?
1
Suppose 62*r - 5290 = 57*r. What is the hundreds digit of r?
0
What is the units digit of 17 + -22 + (91 - 1)?
5
Let j(s) = -137*s - 329. What is the hundreds digit of j(-13)?
4
Suppose -4*u + 2*s + 2572 = 3*s, -3*s = -u + 630. What is the tens digit of u?
4
Let g = 685 - 258. Let w = g + -228. What is the tens digit of w?
9
What is the tens digit of (-108)/36*(-11056)/12?
6
Suppose -14*n = -15 - 13. What is the units digit of n/((-11)/((-6765)/10))?
3
Let c(z) = z**3 + 7*z**2 + 5*z - 2. Let j be c(-6). Suppose 37 = p - m + 2*m, -5*p = -j*m - 203. What is the units digit of p?
9
Suppose 0 = -y - y + 336. Suppose y = 3*c + c. Let b = c + -19. What is the tens digit of b?
2
Suppose 3*x - 2*i = 3828 - 138, 3*i = 4*x - 4921. What is the thousands digit of x?
1
Let t(l) = 15*l**2 + 8*l + 15. What is the tens digit of t(-10)?
3
Suppose 0 = -0*s - s + 4, -4*u - s = -16. Suppose 0 = u*j, -5*i - 4*j + 200 = -3*i. What is the hundreds digit of i?
1
Suppose 4*h - 4715 = -1019. What is the tens digit of h?
2
Let o(z) = z**2 - 5*z - 9. Let s be o(7). Suppose 4*d = -4*n + 24, -s*n + 5*d = -21 + 1. Suppose 3 = 2*w - n. What is the units digit of w?
4
Let h be (-2)/(-7) + 544/56. Suppose 11*a = 6*a + h. Suppose a*j = 11 + 17. What is the tens digit of j?
1
Suppose -3450 = -5*r - 5*f, 5*f + 1294 = 3*r - 752. What is the tens digit of r?
8
Suppose -2*o - 5 = -3*m, 19 + 3 = 4*m + 5*o. Suppose 3*l + 2*b - 449 = 0, 259 + 351 = 4*l - m*b. What is the hundreds digit of l?
1
Suppose 1 = -2*c + 29. Suppose -2*b + 2 = -3*s - s, 0 = 3*b + 5*s - c. What is the units digit of (-10)/(2 + -1 - b)?
5
Suppose -4*n = u - 16, n + 4*u - 1 - 3 = 0. Suppose b = n*b. Suppose 20 = 5*i, b = o - 3*o - 2*i + 84. What is the tens digit of o?
3
Suppose -9 = -7*c + 656. What is the tens digit of c?
9
Let y(r) = -2*r**2 + 5 - 3 + 8 - 4*r + 18*r. Let o be y(7). What is the tens digit of 6/4 + 375/o?
3
Suppose 5*v + 65 = 5*t, -3*v + 0 = -4*t + 48. Suppose -20 + 18 = m. What is the units digit of (m/1)/(t/(-9))?
2
Let l = 13476 - 8970. What is the tens digit of l?
0
Let h = -2 - -1. Let k be h*3 + 896/8. Suppose -5*j + 3*a + k = a, 3*j + 4*a - 81 = 0. What is the tens digit of j?
2
Suppose -79*m + 14730 - 3828 = 0. What is the tens digit of m?
3
Suppose 2*w = -1 + 7. What is the units digit of (-5 + w)*(2 - 4)?
4
Let i(a) be the third derivative of a**5/20 + 13*a**4/24 - 10*a**3/3 + 45*a**2. What is the units digit of i(-10)?
0
Suppose 207 = 3*n - 150. Let f = 201 - n. What is the tens digit of f?
8
Suppose n - 55 = -4*n. Suppose -3 = p - n. Suppose -3*l - 121 = -p*l - 2*k, -2 = k. What is the tens digit of l?
2
Suppose -5*d - j + 3418 = -913, 0 = 4*d + 5*j - 3448. What is the tens digit of d?
6
Suppose 0 = 3*n - 16 - 83. Let z = n - 173. What is the uni